{"id":67,"date":"2020-04-30T10:28:47","date_gmt":"2020-04-30T08:28:47","guid":{"rendered":"http:\/\/www.magazinmacher.de\/?page_id=67"},"modified":"2025-07-17T14:29:09","modified_gmt":"2025-07-17T12:29:09","slug":"agb","status":"publish","type":"page","link":"https:\/\/www.magazinmacher.de\/index.php\/agb\/","title":{"rendered":"AGB\/Datenschutzerkl\u00e4rung"},"content":{"rendered":"\n<p class=\"has-medium-font-size\"><strong>Allgemeine Gesch\u00e4ftsbedingungen <\/strong><\/p>\n\n\n\n<p><strong>Akzeptieren der Bedingungen<\/strong><\/p>\n\n\n\n<p>Um den Dienst nutzen zu k\u00f6nnen, m\u00fcssen Sie die Bedingungen der AGB zustimmen.<\/p>\n\n\n\n<p>Sie akzeptieren die Bedingungen, indem Sie den Dienst einfach nutzen. Sie nehmen zur Kenntnis und erkl\u00e4ren sich damit einverstanden, dass www.magazinmacher.de Ihre Nutzung des Dienstes von diesem Zeitpunkt an als Zustimmung zu den Bedingungen betrachtet.<\/p>\n\n\n\n<p><strong>1. Geltungsbereich<\/strong><\/p>\n\n\n\n<p>F\u00fcr die Vertragsbeziehung zwischen Designer und Auftraggeber gelten ausschlie\u00dflich die nachfolgenden Allgemeinen Gesch\u00e4ftsbedingungen in ihrer zum Zeitpunkt der Auftragserteilung g\u00fcltigen Fassung. Abweichende Bedingungen des Auftraggebers werden nicht anerkannt, es sein denn, der Designer stimmt ihrer Geltung ausdr\u00fccklich schriftlich zu.<\/p>\n\n\n\n<p><strong>2. Urheberrecht und Nutzungsrechte<\/strong><\/p>\n\n\n\n<p>2.1. Die Entw\u00fcrfe und Reinzeichnungen d\u00fcrfen ohne ausdr\u00fcckliche Einwilligung des Designers weder im Original noch bei der Reproduktion ver\u00e4ndert werden. Jede vollst\u00e4ndige oder teilweise Nachahmung ist unzul\u00e4ssig.<\/p>\n\n\n\n<p>2.2. Bei Versto\u00df gegen Punkt 1 hat der Auftraggeber dem Designer eine Vertragsstrafe in H\u00f6he von 150 Prozent der vereinbarten Verg\u00fctung zu zahlen.<\/p>\n\n\n\n<p>2.3. Der Designer \u00fcbertr\u00e4gt dem Auftraggeber die f\u00fcr den jeweiligen Verwendungszweck erforderlichen Nutzungsrechte. Soweit nichts anderes vereinbart ist, wird nur das einfache Nutzungsrecht \u00fcbertragen. Der Designer bleibt in jedem Fall, auch wenn er das ausschlie\u00dfliche Nutzungsrecht einger\u00e4umt hat, berechtigt, seine Entw\u00fcrfe und Vervielf\u00e4ltigungen davon im Rahmen der Eigenwerbung zu verwenden.<\/p>\n\n\n\n<p>2.4. Eine Weitergabe der Nutzungsrechte an Dritte bedarf der schriftlichen Vereinbarung zwischen Designer und Auftraggeber. Die Nutzungsrechte gehen auf den Auftraggeber erst nach vollst\u00e4ndiger Bezahlung der Verg\u00fctung \u00fcber.<\/p>\n\n\n\n<p>2.5. Der Designer hat das Recht, auf den Vervielf\u00e4ltigungsst\u00fccken (Hard- und Softcopies) als Urheber genannt zu werden. Verletzt der Auftraggeber das Recht auf Namensnennung, ist er verpflichtet, dem Designer eine Vertragsstrafe in H\u00f6he von 100 Prozent der vereinbarten Verg\u00fctung zu zahlen. Davon unber\u00fchrt bleibt das Recht des Designers, bei konkreter Schadensberechnung einen h\u00f6heren Schaden geltend zu machen.<\/p>\n\n\n\n<p><strong>3. Verg\u00fctung<\/strong><\/p>\n\n\n\n<p>3.1. Die Verg\u00fctungen sind Nettobetr\u00e4ge, zahlbar zuz\u00fcglich der gesetzlichen Mehrwertsteuer und ohne Abzug.<\/p>\n\n\n\n<p>3.2. Die Verg\u00fctungen sind bei Lieferung der Entw\u00fcrfe f\u00e4llig. Werden die Entw\u00fcrfe in Teilen abgenommen, so ist bei Abnahme der ersten Teillieferung eine Teilverg\u00fctung zu zahlen, die wenigstens die H\u00e4lfte der Gesamtverg\u00fctung betr\u00e4gt.<\/p>\n\n\n\n<p>3.3. Werden die Entw\u00fcrfe erneut oder in gr\u00f6\u00dferem Umfang als urspr\u00fcnglich vorgesehen genutzt, so ist der Auftraggeber verpflichtet, eine Verg\u00fctung f\u00fcr die zus\u00e4tzliche Nutzung zu zahlen.<\/p>\n\n\n\n<p><strong>4. Eigentum, R\u00fcckgabepflicht<\/strong><\/p>\n\n\n\n<p>4.1. An Entw\u00fcrfen und Reinzeichnungen werden nur Nutzungsrechte einger\u00e4umt, nicht jedoch Eigentumsrechte \u00fcbertragen. Die Originale sind dem Designer sp\u00e4testens drei Monate nach Lieferung unbesch\u00e4digt zur\u00fcckzugeben, falls nicht etwas anderes schriftlich vereinbart wurde.<\/p>\n\n\n\n<p>4.2. Bei Besch\u00e4digung oder Verlust der Entw\u00fcrfe oder Reinzeichnungen hat der Auftraggeber die Kosten zu ersetzen, die zur Wiederherstellung notwendig sind. Die Geltendmachung eines weitergehenden Schadens bleibt unber\u00fchrt.<\/p>\n\n\n\n<p><strong>5. Herausgabe von Daten<\/strong><\/p>\n\n\n\n<p>5.1. Der Designer ist nicht verpflichtet, Datentr\u00e4ger, Dateien und Daten herauszugeben. W\u00fcnscht der Auftraggeber, dass der Designer ihm Datentr\u00e4ger, Dateien und Daten zur Verf\u00fcgung stellt, ist dies schriftlich zu vereinbaren und gesondert zu verg\u00fcten.<\/p>\n\n\n\n<p>5.2. Hat der Designer dem Auftraggeber Datentr\u00e4ger, Dateien und Daten zur Verf\u00fcgung gestellt, d\u00fcrfen diese nur mit Einwilligung des Designers ver\u00e4ndert werden.<\/p>\n\n\n\n<p>5.3. Gefahr und Kosten des Transports von Datentr\u00e4gern, Dateien und Daten online und offline tr\u00e4gt der Auftraggeber.<\/p>\n\n\n\n<p>5.4. Der Designer haftet au\u00dfer bei Vorsatz und grober Fahrl\u00e4ssigkeit nicht f\u00fcr M\u00e4ngel an Datentr\u00e4gern, Dateien und Daten. Die Haftung des Designers ist ausgeschlossen bei Fehlern an Datentr\u00e4gern, Dateien und Daten, die beim Datenimport auf das System des Auftraggebers entstehen.<\/p>\n\n\n\n<p><strong>6. Korrektur und Belege<\/strong><\/p>\n\n\n\n<p>6.1. Der Auftraggeber legt dem Designer vor Ausf\u00fchrung der Vervielf\u00e4ltigung Korrekturmuster vor.<\/p>\n\n\n\n<p>6.2. Von allen vervielf\u00e4ltigten Arbeiten \u00fcberl\u00e4\u00dft der Auftraggeber dem Designer zehn einwandfreie Muster unentgeltlich.<\/p>\n\n\n\n<p><strong>7. Haftung<\/strong><\/p>\n\n\n\n<p>7.1. Der Designer haftet nur f\u00fcr Sch\u00e4den, die er selbst oder seine Erf\u00fcllungsgehilfen vors\u00e4tzlich oder grob fahrl\u00e4ssig herbeif\u00fchren. Das gilt auch f\u00fcr Sch\u00e4den, die aus einer positiven Vertragsverletzung oder einer unerlaubten Handlung resultieren.<\/p>\n\n\n\n<p>7.2. Die Zusendung und R\u00fccksendung von Arbeiten und Vorlagen erfolgt auf Gefahr und f\u00fcr Rechnung des Auftraggebers.<\/p>\n\n\n\n<p>7.3. Mit der Abnahme des Werkes \u00fcbernimmt der Auftraggeber die Verantwortung f\u00fcr die Richtigkeit von Text und Bild.<\/p>\n\n\n\n<p>7.4. Der Designer haftet nicht f\u00fcr die wettbewerbs- und markenrechtliche Zul\u00e4ssigkeit und Eintragungsf\u00e4higkeit seiner Entw\u00fcrfe und sonstigen Designarbeiten.<\/p>\n\n\n\n<p>7.5. R\u00fcgen und Beanstandungen gleich welcher Art sind innerhalb von zwei Wochen nach Lieferung schriftlich beim Designer geltend zu machen. Danach gilt das Werk als vertragsgem\u00e4\u00df und m\u00e4ngelfrei abgenommen.<\/p>\n\n\n\n<p><strong>8. Gestaltungsfreiheit und Vorlagen<\/strong><\/p>\n\n\n\n<p>8.1. Im Rahmen des Auftrags besteht f\u00fcr den Designer Gestaltungsfreiheit. W\u00fcnscht der Auftraggeber w\u00e4hrend oder nach der Produktion \u00c4nderungen, so hat er die Mehrkosten zu tragen.<\/p>\n\n\n\n<p>8.2. Verz\u00f6gert sich die Durchf\u00fchrung des Auftrags aus Gr\u00fcnden, die der Auftraggeber zu vertreten hat, so kann der Designer eine angemessene Erh\u00f6hung der Verg\u00fctung verlangen. Bei Vorsatz oder grober Fahrl\u00e4ssigkeit kann er auch Schadenersatzanspr\u00fcche geltend machen.<\/p>\n\n\n\n<p>8.3. Der Auftraggeber versichert, dass er zur Verwendung aller dem Designer \u00fcbergebenen Vorlagen berechtigt ist und dass diese Vorlagen von Rechten Dritter frei sind. Sollte er entgegen dieser Versicherung nicht zur Verwendung berechtigt oder sollten die Vorlagen nicht frei von Rechten Dritter sein, stellt der Auftraggeber den Designer im Innenverh\u00e4ltnis von allen Ersatzanspr\u00fcchen Dritter frei.<\/p>\n\n\n\n<p><strong>9. Keine Abmahnung ohne vorherigen Kontakt!<\/strong><\/p>\n\n\n\n<p>Sollten der Inhalt oder die Aufmachung dieser Seiten fremde Rechte Dritter oder gesetzliche Bestimmungen verletzen, so bitten wir um eine entsprechende Nachricht ohne Kostennote. Die Beseitigung einer m\u00f6glicherweise von diesen Seiten ausgehenden Schutzrecht-Verletzung durch Schutzrecht-InhaberInnen selbst darf nicht ohne unsere Zustimmung stattfinden. Wir garantieren, dass die zu Recht beanstandeten Passagen unverz\u00fcglich entfernt werden, ohne dass von Ihrer Seite die Einschaltung eines Rechtsbeistandes erforderlich ist. Dennoch von Ihnen ohne vorherige Kontaktaufnahme ausgel\u00f6ste Kosten werden wir vollumf\u00e4nglich zur\u00fcckweisen und gegebenenfalls Gegenklage wegen Verletzung vorgenannter Bestimmungen einreichen.<\/p>\n\n\n\n<p>Die Kostennote einer anwaltlichen Abmahnung ohne vorherige Kontaktaufnahme mit uns, wird im Sinne der Schadenminderungspflicht \u00a7 254 Abs. 2 BGB als unbegr\u00fcndet zur\u00fcckgewiesen.<\/p>\n\n\n\n<p>9.1 Hat bei der Entstehung des Schadens ein Verschulden des Besch\u00e4digten mitgewirkt, so h\u00e4ngt die Verpflichtung zum Ersatz sowie der Umfang des zu leistenden Ersatzes von den Umst\u00e4nden, insbesondere davon ab, inwieweit der Schaden vorwiegend von dem einen oder dem anderen Teil verursacht worden ist.<\/p>\n\n\n\n<p>9.2 Dies gilt auch dann, wenn sich das Verschulden des Besch\u00e4digten darauf beschr\u00e4nkt, dass er unterlassen hat, den Schuldner auf die Gefahr eines ungew\u00f6hnlich hohen Schadens aufmerksam zu machen, die der Schuldner weder kannte noch kennen musste, oder dass er unterlassen hat, den Schaden abzuwenden oder zu mindern. Die Vorschrift des \u00a7 278 findet entsprechende Anwendung.<\/p>\n\n\n\n<p>\u00a7 278: Der Schuldner hat ein Verschulden seines gesetzlichen Vertreters und der Personen, deren er sich zur Erf\u00fcllung seiner Verbindlichkeit bedient, in gleichem Umfang zu vertreten wie eigenes Verschulden. Abs. 3 findet keine Anwendung.<\/p>\n\n\n\n<p><strong>10. Schlussbestimmungen<\/strong><\/p>\n\n\n\n<p>10.1. F\u00fcr den Fall, dass der Auftraggeber keinen allgemeinen Gerichtsstand in der Bundesrepublik Deutschland hat oder seinen Sitz oder gew\u00f6hnlichen Aufenthalt nach Vertragsabschluss ins Ausland verlegt, wird der Sitz des Designers als Gerichtsstand vereinbart.<\/p>\n\n\n\n<p>10.2. Ist eine der vorstehenden Gesch\u00e4ftsbedingungen unwirksam, so ber\u00fchrt dies die Wirksamkeit der \u00fcbrigen Gesch\u00e4ftsbedingungen nicht.<\/p>\n\n\n\n<p>Rainer Ro\u00dfbach (Diplom Designer) <br>Am Hammer 19, D-53545 Linz am Rhein<br>fon +49 (0)170 4849532<br>email: rainer.rossbach@t-online.de<br>Datenschutzerkl\u00e4rung<\/p>\n\n\n\n<hr class=\"wp-block-separator has-css-opacity\"\/>\n\n\n\n<p class=\"has-regular-font-size\"><strong>Datenschutzhinweise<\/strong><\/p>\n\n\n\n<p>Diese Datenschutzerkl\u00e4rung kl\u00e4rt Sie \u00fcber die Art, den Umfang und Zweck der Verarbeitung von personenbezogenen Daten innerhalb unseres Onlineangebotes und der mit ihm verbundenen Webseiten, Funktionen und Inhalte sowie externen Onlinepr\u00e4senzen, wie z.B. unser Social Media Profile auf. Im Hinblick auf die verwendeten Begrifflichkeiten, wie z.B. \u201eVerarbeitung\u201c oder \u201eVerantwortlicher\u201c verweisen wir auf die Definitionen im Art. 4 der Datenschutzgrundverordnung (DSGVO).<\/p>\n\n\n\n<p><strong>Verantwortlicher:<br><\/strong>Rainer Ro\u00dfbach<br>Friedrich-W\u00f6hler-Stra\u00dfe 15<br>D-53117 Bonn<br>Tel. +49 (0) 170 4849532<br>rainer.rossbach@icloud.com<\/p>\n\n\n\n<p><strong>Umfang der Verarbeitung personenbezogener Daten<\/strong><\/p>\n\n\n\n<p>Wir verarbeiten personenbezogene Daten unserer Nutzer grunds\u00e4tzlich nur, soweit dies zur Bereitstellung einer funktionsf\u00e4higen Website sowie unserer Inhalte und Leistungen erforderlich ist. Die Verarbeitung personenbezogener Daten unserer Nutzer erfolgt regelm\u00e4\u00dfig nur nach Einwilligung des Nutzers. Eine Ausnahme gilt in solchen F\u00e4llen, in denen eine vorherige Einholung einer Einwilligung aus tats\u00e4chlichen Gr\u00fcnden nicht m\u00f6glich ist und die Verarbeitung der Daten durch gesetzliche Vorschriften gestattet ist.<\/p>\n\n\n\n<p><strong>Arten der verarbeiteten Daten:<\/strong><\/p>\n\n\n\n<p>Bei jedem Aufruf unserer Internetseite erfasst unser System automatisiert Daten und Informationen vom Computersystem des aufrufenden Rechners.&nbsp;<\/p>\n\n\n\n<p><strong>Folgende Daten werden hierbei erhoben:<br><\/strong>Informationen \u00fcber den Browsertyp und die verwendete Version&nbsp;<br>Das Betriebssystem des Nutzers&nbsp;<br>Den Internet-Service-Provider des Nutzers<br>Die IP-Adresse des Nutzers&nbsp;<br>Datum und Uhrzeit des Zugriffs&nbsp;<br>Websites, von denen das System des Nutzers auf unsere Internetseite gelangt<br>Websites, die vom System des Nutzers \u00fcber unsere Website aufgerufen werden&nbsp;<br>Die Daten werden ebenfalls in den Logfiles unseres Systems gespeichert. Eine Speicherung dieser Daten zusammen mit anderen personenbezogenen Daten des Nutzers findet nicht statt.<\/p>\n\n\n\n<p><strong>Zweck der Verarbeitung&nbsp;<\/strong><\/p>\n\n\n\n<p>Die vor\u00fcbergehende Speicherung der IP-Adresse durch das System ist notwendig, um eine Auslieferung der Website an den Rechner des Nutzers zu erm\u00f6glichen. Hierf\u00fcr muss die IP-Adresse des Nutzers f\u00fcr die Dauer der Sitzung gespeichert bleiben.&nbsp;<\/p>\n\n\n\n<p>Die Speicherung in Logfiles erfolgt, um die Funktionsf\u00e4higkeit der Website sicherzustellen. Zudem dienen uns die Daten zur Optimierung der Website und zur Sicherstellung der Sicherheit unserer informationstechnischen Systeme. Eine Auswertung der Daten zu Marketingzwecken findet in diesem Zusammenhang nicht statt.&nbsp;<\/p>\n\n\n\n<p><strong>Rechtsgrundlage f\u00fcr die Verarbeitung personenbezogener Daten&nbsp;<\/strong><\/p>\n\n\n\n<p>Soweit wir f\u00fcr Verarbeitungsvorg\u00e4nge personenbezogener Daten eine Einwilligung der betroffenen Person einholen, dient Art. 6 Abs. 1 lit. a EU-Datenschutzgrundverordnung (DSGVO) als Rechtsgrundlage.&nbsp;<\/p>\n\n\n\n<p>Bei der Verarbeitung von personenbezogenen Daten, die zur Erf\u00fcllung eines Vertrages, dessen Vertragspartei die betroffene Person ist, erforderlich ist, dient Art. 6 Abs. 1 lit. b DSGVO als Rechtsgrundlage. Dies gilt auch f\u00fcr Verarbeitungsvorg\u00e4nge, die zur Durchf\u00fchrung vorvertraglicher Ma\u00dfnahmen erforderlich sind.&nbsp;<\/p>\n\n\n\n<p>Soweit eine Verarbeitung personenbezogener Daten zur Erf\u00fcllung einer rechtlichen Verpflichtung erforderlich ist, der unser Unternehmen unterliegt, dient Art. 6 Abs. 1 lit. c DSGVO als Rechtsgrundlage.&nbsp;<\/p>\n\n\n\n<p>F\u00fcr den Fall, dass lebenswichtige Interessen der betroffenen Person oder einer anderen nat\u00fcrlichen Person eine Verarbeitung personenbezogener Daten erforderlich machen, dient Art. 6 Abs. 1 lit. d DSGVO als Rechtsgrundlage.&nbsp;<\/p>\n\n\n\n<p>Ist die Verarbeitung zur Wahrung eines berechtigten Interesses unseres Unternehmens oder eines Dritten erforderlich und \u00fcberwiegen die Interessen, Grundrechte und Grundfreiheiten des Betroffenen das erstgenannte Interesse nicht, so dient Art. 6 Abs. 1 lit. f DSGVO als Rechtsgrundlage f\u00fcr die Verarbeitung.<\/p>\n\n\n\n<p><strong>Datenl\u00f6schung und Speicherdauer<\/strong><\/p>\n\n\n\n<p>Die personenbezogenen Daten der betroffenen Person werden gel\u00f6scht oder gesperrt, sobald der Zweck der Speicherung entf\u00e4llt. Eine Speicherung kann dar\u00fcber hinaus erfolgen, wenn dies durch den europ\u00e4ischen oder nationalen Gesetzgeber in unionsrechtlichen Verordnungen, Gesetzen oder sonstigen Vorschriften, denen der Verantwortliche unterliegt, vorgesehen wurde. Eine Sperrung oder L\u00f6schung der Daten erfolgt auch dann, wenn eine durch die genannten Normen vorgeschriebene Speicherfrist abl\u00e4uft, es sei denn, dass eine Erforderlichkeit zur weiteren Speicherung der Daten f\u00fcr einen Vertragsabschluss oder eine Vertragserf\u00fcllung besteht.<\/p>\n\n\n\n<p><strong>Zusammenarbeit mit Auftragsverarbeitern und Dritten<\/strong><\/p>\n\n\n\n<p>Wir \u00fcbermitteln grunds\u00e4tzliche keine Daten an Dritte.<\/p>\n\n\n\n<p><strong>\u00dcbermittlungen in Drittl\u00e4nder:<\/strong><\/p>\n\n\n\n<p>Wir \u00fcbermitteln grunds\u00e4tzliche keine Daten in Drittl\u00e4nder.&nbsp;<\/p>\n\n\n\n<p><strong>Rechte der betroffenen Personen<\/strong><\/p>\n\n\n\n<p>Sie haben das Recht, eine Best\u00e4tigung dar\u00fcber zu verlangen, ob betreffende Daten verarbeitet werden und auf Auskunft \u00fcber diese Daten sowie auf weitere Informationen und Kopie der Daten entsprechend Art. 15 DSGVO. Sie haben entsprechend. Art. 16 DSGVO das Recht, die Vervollst\u00e4ndigung der Sie betreffenden Daten oder die Berichtigung der Sie betreffenden unrichtigen Daten zu verlangen. Sie haben nach Ma\u00dfgabe des Art. 17 DSGVO das Recht zu verlangen, dass betreffende Daten unverz\u00fcglich gel\u00f6scht werden, bzw. alternativ nach Ma\u00dfgabe des Art. 18 DSGVO eine Einschr\u00e4nkung der Verarbeitung der Daten zu verlangen. Sie haben das Recht zu verlangen, dass die Sie betreffenden Daten, die Sie uns bereitgestellt haben nach Ma\u00dfgabe des Art. 20 DSGVO zu erhalten und deren \u00dcbermittlung an andere Verantwortliche zu fordern. Sie haben ferner gem. Art. 77 DSGVO das Recht, eineBeschwerde bei der zust\u00e4ndigen Aufsichtsbeh\u00f6rde einzureichen. Widerrufsrecht Sie haben das Recht, erteilte Einwilligungen gem. Art. 7 Abs. 3 DSGVO mit Wirkung f\u00fcr die Zukunft zu widerrufen Widerspruchsrecht Sie k\u00f6nnen der k\u00fcnftigen Verarbeitung der Sie betreffenden Daten nach Ma\u00dfgabe des Art. 21 DSGVO jederzeit widersprechen. Der Widerspruch kann insbesondere gegen die Verarbeitung f\u00fcr Zwecke der Direktwerbung erfolgen.<\/p>\n\n\n\n<p><strong>Cookies und Widerspruchsrecht bei Direktwerbung<\/strong><\/p>\n\n\n\n<p>Wir verwenden grunds\u00e4tzliche keine Cookies und betreiben keine Direktwerbung<\/p>\n\n\n\n<p>Wir binden die Videos der Plattform \u201cYouTube\u201d des Anbieters Google LLC, 1600 Amphitheatre Parkway, Mountain View, CA 94043, USA, ein. Datenschutzerkl\u00e4rung: https:\/\/www.google.com\/policies\/privacy\/, Opt-Out: https:\/\/adssettings.google.com\/authenticated.<br><\/p>\n","protected":false},"excerpt":{"rendered":"<p>Allgemeine Gesch\u00e4ftsbedingungen Akzeptieren der Bedingungen Um den Dienst nutzen zu k\u00f6nnen, m\u00fcssen Sie die Bedingungen der AGB zustimmen. Sie akzeptieren die Bedingungen, indem Sie den Dienst einfach nutzen. Sie nehmen zur Kenntnis und erkl\u00e4ren sich damit einverstanden, dass www.magazinmacher.de Ihre Nutzung des Dienstes von diesem Zeitpunkt an als Zustimmung zu den Bedingungen betrachtet. 1. Geltungsbereich [&hellip;]<\/p>\n","protected":false},"author":2,"featured_media":0,"parent":0,"menu_order":0,"comment_status":"closed","ping_status":"closed","template":"","meta":{"footnotes":""},"class_list":["post-67","page","type-page","status-publish","hentry"],"_links":{"self":[{"href":"https:\/\/www.magazinmacher.de\/index.php\/wp-json\/wp\/v2\/pages\/67","targetHints":{"allow":["GET"]}}],"collection":[{"href":"https:\/\/www.magazinmacher.de\/index.php\/wp-json\/wp\/v2\/pages"}],"about":[{"href":"https:\/\/www.magazinmacher.de\/index.php\/wp-json\/wp\/v2\/types\/page"}],"author":[{"embeddable":true,"href":"https:\/\/www.magazinmacher.de\/index.php\/wp-json\/wp\/v2\/users\/2"}],"replies":[{"embeddable":true,"href":"https:\/\/www.magazinmacher.de\/index.php\/wp-json\/wp\/v2\/comments?post=67"}],"version-history":[{"count":12,"href":"https:\/\/www.magazinmacher.de\/index.php\/wp-json\/wp\/v2\/pages\/67\/revisions"}],"predecessor-version":[{"id":786,"href":"https:\/\/www.magazinmacher.de\/index.php\/wp-json\/wp\/v2\/pages\/67\/revisions\/786"}],"wp:attachment":[{"href":"https:\/\/www.magazinmacher.de\/index.php\/wp-json\/wp\/v2\/media?parent=67"}],"curies":[{"name":"wp","href":"https:\/\/api.w.org\/{rel}","templated":true}]}}